-674 (base 11) to base 12.
-573
Convert -4dae (base 16) to base 5.
-1114021
What is 332 (base 5) in base 7?
161
Convert -25391 (base 10) to base 13.
-b732
-2102 (base 5) to base 6
-1141
-3646 (base 11) to base 15
-162e
55e (base 16) to base 2
10101011110
Convert 1630 (base 13) to base 7.
12322
What is 10415 (base 6) in base 5?
21301
1565 (base 12) to base 2
100111011101
What is -44014 (base 6) in base 7?
-23443
Convert -2184 (base 13) to base 5.
-122141
Convert 4043 (base 7) to base 4.
111323
-223 (base 14) to base 13
-267
Convert -8570 (base 9) to base 16.
-189c
What is 3831 (base 12) in base 10?
6373
What is -54021 (base 9) in base 7?
-206125
What is -2805 (base 15) in base 16?
-216b
What is -382 (base 10) in base 15?
-1a7
Convert -48222 (base 11) to base 15.
-158bd
Convert 21401 (base 5) to base 13.
897
-321311 (base 4) to base 6
-25045
Convert -256 (base 15) to base 8.
-1023
What is 123114 (base 5) in base 6?
34052
What is 1110001010011110 (base 2) in base 3?
2221120200
2046 (base 8) to base 10
1062
Convert -2221220 (base 3) to base 13.
-c9c
What is b4d3 (base 14) in base 4?
13212301
-12083 (base 9) to base 7
-32412
-111222 (base 3) to base 15
-1a2
What is 15212 (base 6) in base 16?
998
-3301 (base 13) to base 11
-5374
-237 (base 10) to base 15
-10c
What is -123605 (base 7) in base 15?
-6be2
1254 (base 6) to base 7
640
What is 9f3 (base 16) in base 4?
213303
What is -1010211 (base 3) in base 12?
-594
-1501 (base 6) to base 16
-18d
What is -1ab1 (base 12) in base 6?
-23141
Convert -110101000000 (base 2) to base 14.
-1344
What is 426 (base 7) in base 11?
187
Convert -368 (base 10) to base 8.
-560
216 (base 14) to base 5
3122
Convert dd54 (base 14) to base 12.
1a1b2
-111000 (base 3) to base 16
-15f
What is 863 (base 11) in base 14?
541
17013 (base 8) to base 11
5862
Convert 101010001101 (base 2) to base 9.
3631
What is 3140 (base 8) in base 14?
848
-1786 (base 14) to base 12
-254a
Convert 13565 (base 11) to base 2.
100101101101110
What is 506 (base 10) in base 2?
111111010
Convert -370c (base 14) to base 8.
-22620
What is 2906 (base 15) in base 9?
13036
12122 (base 5) to base 4
32100
Convert 111010111100 (base 2) to base 11.
291a
-456 (base 14) to base 11
-712
What is -100202012 (base 3) in base 6?
-52522
Convert 101010111101 (base 2) to base 15.
c34
Convert 1030 (base 4) to base 10.
76
What is -234 (base 10) in base 2?
-11101010
Convert -949 (base 10) to base 13.
-580
-1041440 (base 5) to base 10
-18370
Convert -16361 (base 7) to base 14.
-19a1
What is 33 (base 13) in base 11?
39
Convert 2255 (base 8) to base 6.
5313
61 (base 13) to base 4
1033
What is -1111101011011010 (base 2) in base 13?
-232cb
What is 1110212 (base 3) in base 12?
758
8505 (base 11) to base 10
11258
Convert -630 (base 13) to base 11.
-878
13166 (base 7) to base 15
10a2
What is d79 (base 15) in base 4?
233133
What is -34125 (base 7) in base 13?
-3c1b
What is 76 (base 10) in base 13?
5b
What is 5623 (base 7) in base 6?
13214
What is 1472 (base 8) in base 4?
30322
Convert -a3a (base 12) to base 16.
-5ce
What is 17857 (base 9) in base 8?
30114
-332013 (base 6) to base 5
-1341112
What is -100000 (base 3) in base 15?
-113
What is 2757 (base 9) in base 8?
4035
Convert 2102201 (base 4) to base 14.
35bb
58 (base 14) to base 12
66
What is -573 (base 11) in base 4?
-22231
Convert 43 (base 8) to base 16.
23
What is 16113 (base 7) in base 3?
20012100
What is 3953 (base 10) in base 3?
12102102
Convert -fe4 (base 16) to base 6.
-30500
-3050 (base 6) to base 7
-1656
5736 (base 12) to base 14
3762
What is 35062 (base 9) in base 6?
300132
Convert 742b (base 13) to base 11.
110aa
Convert 6024 (base 8) to base 16.
c14
What is -1258 (base 12) in base 8?
-4044
Convert -46339 (base 11) to base 4.
-100112023
210416 (base 7) to base 11
25241
Convert 8d4 (base 16) to base 9.
3081
What is 1011110111011 (base 2) in base 13?
29c4
Convert 1120200 (base 4) to base 3.
21202210
What is 636 (base 8) in base 6?
1530
Convert 29b (base 14) to base 3.
201121
Convert -120043 (base 5) to base 2.
-1000100101110
What is 18b2 (base 16) in base 11?
4828
Convert -318 (base 15) to base 3.
-221212
What is 4155 (base 6) in base 16?
3a7
-2021101022 (base 3) to base 14
-12443
What is -1b24 (base 15) in base 12?
-34a4
821 (base 14) to base 3
2012011
Convert -178 (base 14) to base 15.
-152
Convert -1000100 (base 2) to base 5.
-233
What is 175173 (base 8) in base 9?
106857
Convert 100000010001 (base 2) to base 5.
31230
Convert -12020 (base 5) to base 6.
-4033
What is -58b (base 15) in base 10?
-1256
Convert 112010002 (base 3) to base 8.
24061
Convert 32d (base 14) to base 2.
1001110101
What is 42a95 (base 11) in base 8?
172114
Convert 16410 (base 8) to base 14.
29cc
88a1 (base 11) to base 4
2313033
What is 7a7 (base 11) in base 3?
1022201
-12c1 (base 16) to base 5
-123201
-3478 (base 9) to base 6
-15542
1738 (base 12) to base 11
20a8
-214 (base 7) to base 3
-11001
What is -f5 (base 16) in base 10?
-245
-479 (base 11) to base 7
-1443
Convert 420204 (base 5) to base 2.
11010111101100
Convert 12543 (base 8) to base 16.
1563
Convert -3da (base 15) to base 7.
-2365
Convert -53a (base 16) to base 9.
-1746
What is 100100110011000 (base 2) in base 10?
18840
Convert a639 (base 12) to base 4.
10130031
Convert 61024 (base 7) to base 13.
694c
What is 22655 (base 7) in base 3?
21222122
Convert -11112 (base 3) to base 2.
-1111010
-2113 (base 6) to base 15
-21c
Convert 890 (base 16) to base 2.
100010010000
What is 110132 (base 4) in base 13?
79a
What is -213 (base 8) in base 5?
-1024
Convert 133312 (base 7) to base 6.
312351
113012 (base 4) to base 8
2706
What is -1124 (base 9) in base 8?
-1500
What is -2000 (base 4) in base 16?
-80
Convert 16654 (base 9) to base 7.
45304
3020 (base 6) to base 8
1224
What is -614 (base 12) in base 15?
-3da
2a49 (base 11) to base 6
30101
Convert 110011110010 (base 2) to base 16.
cf2
What is -1030 (base 10) in base 12?
-71a
-1101010001000 (base 2) to base 5
-204132
-54004 (base 8) to base 4
-11200010
What is 12420 (base 5) in base 6?
4321
4843 (base 11) to base 5
200324
-40452 (base 7) to base 12
-5839
What is 2525 (base 16) in base 5?
301014
Convert -20131 (base 4) to base 3.
-202001
4858 (base 12) to base 13
3917
Convert 575 (base 13) to base 7.
2513
Convert 10020210212 (base 3) to base 11.
44104
Convert 100 (base 10) to base 9.
121
What is -1155343 (base 6) in base 15?
-1361c
Convert -827 (base 15) to base 5.
-24322
e5e (base 15) to base 7
12305
12100 (base 3) to base 11
121
Convert -636 (base 15) to base 2.
-10101111001
Convert -100e (base 15) to base 11.
-2601
Convert -360 (base 9) to base 13.
-19b
6800 (base 10) to base 6
51252
What is -32 (base 14) in base 7?
-62
What is -132 (base 15) in base 8?
-420
What is 148 (base 9) in base 3?
11122
What is -1162 (base 10) in base 4?
-102022
What is 333021 (base 4) in base 12?
2409
What is 1113011 (base 4) in base 8?
12705
What is -31131 (base 4) in base 15?
-3c6
Convert 11133 (base 8) to base 10.
4699
Convert 450 (base 15) to base 4.
33033
Convert -16738 (base 13) to base 15.
-caed
30a6 (base 11) to base 2
1000000001101
Convert -2483 (base 9) to base 6.
-12333
1275 (base 9) to base 8
1677
Convert -767 (base 9) to base 10.
-628
Convert -10000110011011 (base 2) to base 16.
-219b
244 (base 13) to base 8
612
What is -2220 (base 6) in base 7?
-1335
What is 8b3b (base 15) in base 8?
71533
Convert 13d7 (base 14) to base 2.
110111000001
Convert 1102131 (base 4) to base 6.
40233
Convert -7622 (base 10) to base 5.
-220442
-2939 (base 16) to base 3
-112110212
-636a (base 11) to base 3
-102120001
Convert -10111101001 (base 2) to base 12.
-a61
What is -17404 (base 9) in base 2?
-10111011011000
What is 4203 (base 14) in base 4?
2301223
What is -200201020 (base 3) in base 13?
-6294
Convert -31013 (base 5) to base 7.
-5566
Convert 2242 (base 6) to base 3.
201122
-1409 (base 10) to base 8
-2601
What is 7950 (base 13) in base 3?
212021100
What is 100233 (base 4) in base 10?
1071
Convert 21670 (base 9) to base 12.
8400
What is 1221002020 (base 3) in base 13?
14388
-101234 (base 5) to base 15
-eb4
Convert -30352 (base 6) to base 13.
-1aab
Convert 1342 (base 12) to base 5.
32320
What is -1211201 (base 3) in base 13?
-7c3
Convert -129 (base 10) to base 16.
-81
10001111001 (bas